y(r) = -4*r - 6. Let d(z) = -18*z + 124. Let a = 391 - 384. Let n be d(a). Calculate y(n).
2
Let s(m) = -m**2 - 43*m - 159. Suppose -5*x = 2*l - 2, -9*x + 30 = 2*l - 5*l. Give s(l).
-3
Let g(u) = -17 - 19 - 15 - u**3 + 4*u + 54. Suppose 2*d + 6 = 3*d. Let t(m) = m**2 - 8*m + 10. Let i be t(d). Calculate g(i).
3
Let q(p) be the second derivative of 5*p**3/6 - 12*p**2 - 92*p + 4. Let x = -11 + 16. Let d be q(x). Let o(y) = 8*y - 1. Calculate o(d).
7
Let p(s) = s**2 + 5*s - 16. Let b(r) = 313*r + 2498. Let g be b(-8). Give p(g).
-10
Let i be ((-3)/(-9))/(35/(-420)). Let d(w) = -w**3 - 4*w**2 + 5. Give d(i).
5
Let r(n) = 2*n**2 + 16*n + 2. Suppose 1159*z + 2*a - 20 = 1163*z, -5*z + a = 34. Determine r(z).
2
Let q(s) = -4*s - 2. Let k = -98 + 145. Let a = 50 - k. Suppose -a*y - 8 = 5*v - 0*y, 0 = v + 3*y - 8. Give q(v).
14
Let i be (10/(21 + -61))/((-3)/2 - -1). Let u(c) be the first derivative of 2*c - 1/3*c**3 + 17 - i*c**2. What is u(-3)?
-4
Let b(p) = 32*p**2 - 76*p - 50. Let o(v) = 2*v**2 - 5*v - 3. Let a(i) = -b(i) + 15*o(i). Determine a(4).
-23
Suppose p + 243*x = 248*x + 24, 2*p + 2*x + 48 = 0. Let z(k) = k**3 + 18*k**2 + 35*k + 38. Give z(p).
-10
Let z(l) = 508 + l - 250 - 70*l**3 - 13*l**2 + 69*l**3 - 249. Let h be -13*((2 - 3) + 2). Calculate z(h).
-4
Let x(b) = 5*b**2 - 22*b - 26. Let r(u) = 0*u - 13*u**2 - 7*u**2 + 10*u + 12 + 17*u**2. Let t(q) = -13*r(q) - 6*x(q). Give t(-2).
32
Suppose 0 = 4*x - 36 + 24. Let j(t) = -x*t - 86 + 40 + 57. What is j(11)?
-22
Let i(x) = -2*x + 3. Let m(l) = l**3 + 6*l**2 + 5*l + 1. Let k be m(-5). Let d(j) = 1. Let b(o) = k*i(o) - d(o). What is b(4)?
-6
Let s(f) = 3 + 4*f**3 - 17*f**2 - 6*f**3 + f**3 + 25*f**2. Let m be s(8). Let j(a) = -6*a + 32. Let u(l) = -l + 6. Let o(x) = -2*j(x) + 11*u(x). Determine o(m).
5
Let l(w) = 14*w - 7. Let q be (-1)/49*-28 - (-8)/(-14). Calculate l(q).
-7
Let o(k) = 26*k**2 + 76*k + 33. Let m(f) = 42*f**2 + 153*f + 64. Let i(z) = 3*m(z) - 5*o(z). Determine i(20).
7
Let i(q) = -10*q**2 - 20*q - 10. Let u(t) be the second derivative of t**4/4 + t**3 + 2*t**2 + 52*t. Let r(k) = -2*i(k) - 7*u(k). Calculate r(0).
-8
Let d(y) be the second derivative of y**5/5 + y**3/6 - 5*y**2/2 + 757*y. Determine d(2).
29
Suppose -4*f + 32 = m, 2*f - 167 = 2*m - 141. Let o(p) be the third derivative of 13/6*p**3 - 11/24*p**4 + 2*p**2 + 0 + 0*p + 1/60*p**5. Calculate o(f).
-5
Suppose 3*y + 7 = t, -t - y - 9 = 2*t. Let u = 8 + t. Let p(l) = u*l - 234*l**2 + 116*l**2 + 117*l**2. Calculate p(5).
5
Let u(d) be the second derivative of -7 - 1/12*d**4 + 11*d + 13/2*d**2 - 2/3*d**3. Determine u(-6).
1
Let a(t) = -5 + 3017*t + 2 - 3018*t. Let i = 187 + -79. Let q be (-10)/3*i/(-60). Give a(q).
-9
Let i = 345 - 660. Let q = -321 - i. Let t(b) = -b - 13. Calculate t(q).
-7
Let t(n) = 2*n**2 + 3*n - 11. Let h(j) = 5*j**2 + 5*j - 22. Let y(q) = 3*h(q) - 7*t(q). Give y(7).
18
Let v(p) = -p**3 + 8*p**2 - 7*p - 5. Suppose -5*s + 5*w = -60, -s - 18 = 5*w - 0. Calculate v(s).
-5
Let q(k) be the first derivative of -3*k**4/4 + k**2 - 2*k + 1. Suppose 0 = 19*h - 23*h + 8. Suppose h*z - 9 = 1, -2*z = 5*w - 20. Give q(w).
-22
Let y be (-24)/(-16)*(-11 + 3). Let n(f) = 4*f**2 + 48*f - 6. Calculate n(y).
-6
Let l = 11 + -18. Let t(a) = -547*a**2 + 270*a**2 - 8 + 269*a**2 - 4*a**3 + 5 + 3*a**3 - 8*a. Give t(l).
4
Let f be ((-816)/(-84) - 2/(-7)) + 3. Suppose -27 = 7*b - f. Let l(o) = 11*o - 2. What is l(b)?
-24
Let s(o) = -o**2 + 17*o - 29. Suppose -2*a + 5*j + 24 = 0, 4*a - 4*j + 60 = 9*a. What is s(a)?
31
Let y(h) = 115 - 5646*h - h**2 + 2820*h + 2813*h. Give y(7).
-25
Let l(q) be the first derivative of 7*q**3/3 + 2*q + 1057. Determine l(3).
65
Let u(c) = 29*c**3 - 12*c**2 + 2*c + c - 28*c**3 + 11*c**2 - c. Give u(2).
8
Let o(w) be the first derivative of -w**3 + 13*w**2/2 - 12*w - 4782. What is o(5)?
-22
Let a(g) be the third derivative of g**5/60 + 11*g**4/12 + 9*g**3/2 - 9*g**2 - 19*g - 1. Let s = -53 + 32. Calculate a(s).
6
Suppose 78*g = 82*g - 8. Let q(a) = -21 - 41*a**2 + 25*a**2 + 17*a**g - 15*a. Give q(16).
-5
Let f(h) = h**2 + 8. Let z(b) = -b**3 - 3*b**2 + 4*b. Let t be z(-4). Suppose t = 71*j - 65*j. Calculate f(j).
8
Suppose b = 4*k - 9, 0 = 2*b + 5*k - 12 - 9. Let c be 1/(b - (-85)/(-30)). Suppose -v - 5*w - 30 = 0, 0 = -5*w - c - 19. Let t(j) = j - 5. Determine t(v).
-10
Let c(v) be the second derivative of v**5/20 - v**4/6 - 2*v**3/3 - v**2/2 + 2*v. Let a be 4/(-6)*(13 + -10). Let r be (4 + a)/(20/30). Determine c(r).
-4
Suppose 22*h + 9 - 6 + 19 = 0. Let m(s) = -19*s**3 - s**2 - s - 1. Determine m(h).
18
Let i(p) = -15*p - 195. Let r be (192/21 + -9)*-91. Calculate i(r).
0
Let d(a) = 6*a - 5. Let q(y) = -5*y + 221. Let j be q(44). Suppose h + 10 = 4*x, -4*h - j + 0 = -3*x. What is d(h)?
7
Let o(h) = -h**2 - 2*h - 3. Suppose 4*f - m + 7 = 2*m, 2*m - 6 = 2*f. Suppose -4*w - 3*i + 2*i = 8, -3*w = f*i + 1. Give o(w).
-6
Let j(h) = -15*h + 30. Let z be (30/225*-12)/(20/(-75)). Determine j(z).
-60
Let g(r) = -r**3 + 6*r**2 + 9*r + 5. Let s(c) = -2*c**3 + 13*c**2 + 20*c + 12. Let x(p) = -5*g(p) + 2*s(p). Calculate x(4).
-21
Let i(t) = -3*t + 1 + 1184*t**2 + t**3 - 2374*t**2 + 10*t + 1185*t**2. Determine i(3).
4
Let d(h) = -h**3 + 5*h**2 + 1. Suppose -8*n = z - 3*n - 14, -2*z - n = -19. Let b(v) = v**2 - 10*v + 14. Let s be b(z). Calculate d(s).
1
Let h(q) = -2*q**3 - q**2 - 2. Suppose 11*t = 17*t + 18. Let o be (4 - 3)*0 - t. Let w(z) = -z**3 + 2*z**2 + 2*z + 5. Let l be w(o). Give h(l).
-22
Let d(y) be the first derivative of -33 + 90 - 4*y**2 - 14 + 5*y. Determine d(2).
-11
Let u = 6 + 4. Let l(d) = 77 - 91 - d**2 + 19*d + 32*d - 38*d. Calculate l(u).
16
Let l(q) = -q**3 - 7*q**2 + 2*q - 145. Let y be l(-9). Let f(w) = -w**2 - 21. Let r(i) = 2*i - i - 2*i + 1. Let g(v) = y*f(v) - r(v). What is g(0)?
20
Let d(g) = -g**3 - 6*g**2 - 3*g + 26. Let t(k) = -k**2 + k. Let w(q) = -d(q) - 2*t(q). What is w(-8)?
-34
Suppose -4*m + 4*p + 12 = -2*p, -5*m + 5*p = -5. Suppose -4*z - 16 = 0, h - 3*z - 3 = 4*h. Let d(x) = 4 + h*x - 3*x - x + 4*x. Give d(m).
-5
Suppose -11 = g - 5*g - k, 2 = -2*k. Let z(c) = -1. Let p(v) = -6*v + 1. Let m(n) = p(n) + 2*z(n). What is m(g)?
-19
Let s(y) = -225 - 84*y - 81*y - 5 + 266*y - 92*y. Determine s(25).
-5
Let t(v) = -v**3 + 2*v**2 + 13*v + 14. Let w be t(-2). Let m(u) = -u**2 + 19*u - 54. Calculate m(w).
6
Suppose -2*l - 151 + 135 = 0. Let h(a) be the first derivative of a**2/2 + 2*a + 4. What is h(l)?
-6
Let o(t) = t**3 + 5*t**2 + 5*t + 2. Let f be 16/64*(28 + 0)*-28. Let w = f + 191. Give o(w).
-23
Let v be 23/(-2 + 1)*(-54 + 53). Let n(x) = 3*x**2 - 67*x - 42. Calculate n(v).
4
Let l(r) be the third derivative of r**5/60 + 5*r**4/24 + 23*r**3/6 + 4*r**2 + 27*r. Calculate l(-5).
23
Let q(l) be the first derivative of 16/3*l**3 + 1/2*l**2 + 34 - 1/4*l**4 - 16*l. What is q(16)?
0
Suppose x - 8 = w, 0 = -0*x + 2*x - 3*w - 14. Suppose -33 = 7*s - x*s. Let o(l) = -l**2 + s - l - 5 - 6 + 3. Give o(4).
-17
Let y(q) = 4*q + 16. Let k be y(0). Let f(o) = -o**2 + 18*o - 24. What is f(k)?
8
Let m(j) = j**3 - 5*j**2 + 7*j - 2. Let s be m(2). Suppose -12*t - 24 = -s*t. Let l(o) = o**3 - 2*o - 3. Calculate l(t).
-7
Suppose -4*d = 3*i + 33, -4*i + 4*d - 3*d - 25 = 0. Let f(n) = -2*n - 1 - 8 + n. Give f(i).
-2
Let b(d) = 800*d + 24 - 19 - 801*d. What is b(-6)?
11
Suppose -5*z + 8 = 23. Let n be (z + 3 - 1)/((-10)/60). Let u(b) = b + 8. Determine u(n).
14
Let z(w) = 5*w + 7. Let j(v) = 7*v + 11. Let f(s) = 5*j(s) - 8*z(s). Suppose 0 = -18*l + 28*l - 30. Give f(l).
-16
Let g(x) be the third derivative of 0*x - 1/6*x**3 + 0 - 20*x**2 + 1/24*x**4. Let q(s) = 8*s - 58. Let t be q(7). Calculate g(t).
-3
Let b be (-3 - -6) + (1 - -8). Let n(x) = x**3 - 12*x**2 + 12*x - 29. Determine n(b).
115
Let t be (-198)/(-51) - (-2)/17 - 5. Let b(l) = -l**2 + l - 1. Let h(d) = 4*d**2 - 16*d + 3. Let p(n) = t*h(n) - 2*b(n). Calculate p(6).
11
Let j = -24 - -9. Let p(k) = 36405*k + 36392*k + 12 - 72782*k + k**2. Calculate p(j).
12
Let c(w) = -2*w + 7. Let s(b) = -b + 3. Let o(i) = -4*c(i) + 9*s(i). Let k be o(-6). Suppose -10*v - 5 = k. Let n(j) = -16*j - 1. Determine n(v).
15
Let s(t) = 3*t - 9. Let p(h) = h - 1. Let a(v) = -5*v + 14. Let m(q) = a(q) - 3*p(q). Let b(f) = 2*m(f) + 5*s(f). Calculate b(-5).
-6
Le